List the prime factors of 1377447.
3, 23, 19963
List the prime factors of 4468086.
2, 3, 7, 35461
List the prime factors of 14777854.
2, 7, 13, 81197
What are the prime factors of 359497?
307, 1171
List the prime factors of 2266990.
2, 5, 11, 37, 557
List the prime factors of 135100.
2, 5, 7, 193
List the prime factors of 236838.
2, 3, 7, 5639
What are the prime factors of 520296?
2, 3, 7, 19, 163
What are the prime factors of 112755?
3, 5, 7517
List the prime factors of 4988486.
2, 47, 53069
List the prime factors of 364495.
5, 269, 271
What are the prime factors of 2324904?
2, 3, 73, 1327
What are the prime factors of 3748777?
307, 12211
What are the prime factors of 2696966?
2, 1348483
What are the prime factors of 22858?
2, 11, 1039
List the prime factors of 528086.
2, 13, 19, 1069
List the prime factors of 14690779.
107, 251, 547
What are the prime factors of 187485?
3, 5, 29, 431
List the prime factors of 782166.
2, 3, 7, 11, 1693
List the prime factors of 1388078.
2, 694039
List the prime factors of 538962.
2, 3, 43, 2089
List the prime factors of 1505660.
2, 5, 13, 5791
List the prime factors of 237119.
31, 7649
What are the prime factors of 12918414?
2, 3, 2153069
What are the prime factors of 18238023?
3, 2026447
List the prime factors of 3306540.
2, 3, 5, 55109
List the prime factors of 5709938.
2, 13, 219613
What are the prime factors of 304762?
2, 152381
What are the prime factors of 2663958?
2, 3, 11, 181, 223
List the prime factors of 476221.
17, 109, 257
List the prime factors of 6957501.
3, 463, 5009
List the prime factors of 660934.
2, 19, 17393
List the prime factors of 14745041.
14745041
What are the prime factors of 911003?
911003
List the prime factors of 3652583.
11, 332053
What are the prime factors of 47126?
2, 23563
What are the prime factors of 7892960?
2, 5, 49331
List the prime factors of 542936.
2, 67867
List the prime factors of 1160900.
2, 5, 13, 19, 47
List the prime factors of 1018454.
2, 509227
What are the prime factors of 5461247?
11, 496477
What are the prime factors of 4868818?
2, 97, 25097
What are the prime factors of 23068099?
17, 1356947
What are the prime factors of 30525152?
2, 7, 136273
List the prime factors of 529444.
2, 132361
List the prime factors of 17598835.
5, 3519767
What are the prime factors of 151455?
3, 5, 23, 439
What are the prime factors of 12675222?
2, 3, 7, 2053
List the prime factors of 3497417.
7, 11, 53, 857
List the prime factors of 481411.
7, 97, 709
What are the prime factors of 1538999?
7, 11, 23, 79
List the prime factors of 1771514.
2, 43, 20599
List the prime factors of 142362.
2, 3, 11, 719
What are the prime factors of 7067714?
2, 73, 48409
What are the prime factors of 10443390?
2, 3, 5, 71, 4903
What are the prime factors of 14160980?
2, 5, 708049
What are the prime factors of 3169266?
2, 3, 233, 2267
What are the prime factors of 275634?
2, 3, 15313
List the prime factors of 1329087.
3, 43, 10303
List the prime factors of 5194328.
2, 649291
What are the prime factors of 4427894?
2, 29, 76343
What are the prime factors of 1713516?
2, 3, 7, 20399
What are the prime factors of 802186?
2, 7, 11, 5209
List the prime factors of 2317380.
2, 3, 5, 13, 2971
What are the prime factors of 246232?
2, 7, 4397
What are the prime factors of 7083052?
2, 1770763
List the prime factors of 693641.
13, 229, 233
What are the prime factors of 735438?
2, 3, 11, 1013
What are the prime factors of 671105?
5, 79, 1699
List the prime factors of 242586.
2, 3, 13477
What are the prime factors of 393927?
3, 19, 6911
What are the prime factors of 2407907?
571, 4217
List the prime factors of 9233083.
149, 61967
List the prime factors of 10602807.
3, 3534269
List the prime factors of 295336.
2, 19, 29, 67
List the prime factors of 211814.
2, 105907
List the prime factors of 7073462.
2, 11, 17, 18913
What are the prime factors of 6177196?
2, 967, 1597
What are the prime factors of 977466?
2, 3, 7, 17, 37
List the prime factors of 976306.
2, 488153
List the prime factors of 838293.
3, 279431
List the prime factors of 3336234.
2, 3, 11, 50549
What are the prime factors of 3603053?
3603053
List the prime factors of 4177807.
4177807
List the prime factors of 20132321.
11, 1830211
List the prime factors of 782720.
2, 5, 1223
List the prime factors of 3732750.
2, 3, 5, 7, 79
What are the prime factors of 1869676?
2, 19, 73, 337
List the prime factors of 4335290.
2, 5, 37, 11717
What are the prime factors of 228251?
228251
List the prime factors of 17331631.
1201, 14431
What are the prime factors of 417446?
2, 31, 6733
List the prime factors of 1927903.
1927903
What are the prime factors of 4265735?
5, 101, 8447
List the prime factors of 5440741.
41, 132701
What are the prime factors of 1159873?
11, 13, 8111
List the prime factors of 2874999.
3, 958333
List the prime factors of 364256.
2, 11383
What are the prime factors of 782863?
53, 14771
What are the prime factors of 536078?
2, 17, 15767
What are the prime factors of 1903305?
3, 5, 223, 569
List the prime factors of 10888055.
5, 53, 181, 227
List the prime factors of 6394988.
2, 211, 7577
List the prime factors of 5389006.
2, 7, 73, 5273
What are the prime factors of 4108546?
2, 13, 29, 5449
What are the prime factors of 6302324?
2, 7, 47, 4789
List the prime factors of 1633496.
2, 17, 12011
What are the prime factors of 286459?
286459
What are the prime factors of 814556?
2, 31, 6569
What are the prime factors of 9425984?
2, 31, 4751
List the prime factors of 18512699.
709, 26111
What are the prime factors of 27270014?
2, 13635007
What are the prime factors of 13129480?
2, 5, 7, 13, 3607
List the prime factors of 258570.
2, 3, 5, 13, 17
List the prime factors of 331221.
3, 11, 10037
What are the prime factors of 960103?
29, 33107
What are the prime factors of 42660?
2, 3, 5, 79
What are the prime factors of 499001?
17, 149, 197
What are the prime factors of 316668?
2, 3, 11, 2399
List the prime factors of 46694.
2, 37, 631
What are the prime factors of 5929179?
3, 1976393
List the prime factors of 9528189.
3, 11, 288733
What are the prime factors of 2055479?
2055479
List the prime factors of 943586.
2, 7, 67399
List the prime factors of 68147.
68147
List the prime factors of 122852.
2, 30713
List the prime factors of 2510055.
3, 5, 18593
List the prime factors of 2230865.
5, 7, 13, 4903
List the prime factors of 1185403.
1185403
List the prime factors of 782944.
2, 43, 569
List the prime factors of 574597.
574597
What are the prime factors of 13258109?
53, 250153
What are the prime factors of 1606229?
541, 2969
List the prime factors of 241712.
2, 15107
List the prime factors of 7700981.
383, 20107
What are the prime factors of 8551929?
3, 23, 123941
List the prime factors of 1381456.
2, 86341
List the prime factors of 848183.
7, 121169
What are the prime factors of 4211402?
2, 13, 161977
What are the prime factors of 1101392?
2, 19, 3623
What are the prime factors of 430084?
2, 19, 5659
What are the prime factors of 67793?
11, 6163
List the prime factors of 3508522.
2, 67, 26183
List the prime factors of 9418870.
2, 5, 19, 89, 557
What are the prime factors of 565148?
2, 17, 8311
List the prime factors of 2153888.
2, 11, 29, 211
What are the prime factors of 25595678?
2, 2503, 5113
List the prime factors of 1127557.
1127557
List the prime factors of 2206283.
2206283
List the prime factors of 40271.
7, 11, 523
List the prime factors of 10014645.
3, 5, 667643
List the prime factors of 20274228.
2, 3, 13, 43321
List the prime factors of 122067.
3, 11, 137
What are the prime factors of 6834817?
11, 621347
What are the prime factors of 1520149?
107, 14207
What are the prime factors of 5719?
7, 19, 43
What are the prime factors of 73070?
2, 5, 7307
What are the prime factors of 3654614?
2, 1827307
List the prime factors of 1482546.
2, 3, 13, 83, 229
What are the prime factors of 1848992?
2, 57781
What are the prime factors of 9584534?
2, 547, 8761
List the prime factors of 4093148.
2, 79, 12953
What are the prime factors of 3083804?
2, 770951
List the prime factors of 1035584.
2, 11, 1471
List the prime factors of 28772909.
11, 2615719
List the prime factors of 740660.
2, 5, 29, 1277
What are the prime factors of 2046470?
2, 5, 37, 5531
What are the p